t) = 5*t - 39. Let u(h) = 5*h + 4. Let g be u(1). Let m be j(g). Suppose 2*y - 118 = m*q - 10*q, -232 = -4*y - 4*q. Is y a composite number?
True
Let l(x) be the third derivative of -449*x**4/6 + 43*x**3/2 - 58*x**2 - x. Is l(-17) a composite number?
False
Let j(p) = 5*p**2 - 31*p - 22. Let w be j(8). Suppose -6682 = 48*a - w*a. Is a a prime number?
False
Let r(p) be the third derivative of 61*p**5/60 + 13*p**4/24 + 67*p**3/6 - p**2 - 7. Is r(-13) prime?
False
Is (42/(-14))/(0 + 6/(-10)) - -6336 composite?
True
Let b(d) = 27*d**2 - 133*d + 495. Is b(58) a prime number?
True
Suppose -5*x = -x - 3*a - 245020, 2*x - 122510 = 4*a. Is x a composite number?
True
Suppose o + 3*o = 16. Let y = -1 + o. Suppose -4*u + 3*u + 2*q + 783 = 0, 4*q + 2347 = y*u. Is u composite?
True
Let m(g) = g**3 - 30*g**2 + 32*g + 37. Is m(34) a prime number?
True
Let v = 17 + -16. Let o be ((-4)/v - -3) + 13. Is ((-307)/(-2))/(6/o) a prime number?
True
Let f be (-5532)/(-5) + (-4)/10. Suppose -93*j = 41511 + 16056. Let g = f + j. Is g a prime number?
True
Suppose 5*q = -2*g + 8, 12 = 3*g + 2*q - 5*q. Suppose 4*n = -g*j + 102 + 1634, -3*n = -j - 1322. Suppose n = 4*u - 357. Is u prime?
True
Let g(u) = u - 1. Let p(a) = -30*a**2 - 4*a + 9. Let j(s) = 6*g(s) - p(s). Let y(l) = 6*l + 5. Let d be y(-2). Is j(d) composite?
True
Suppose 8489 = t + 2*p, t - 6936 = 2*p + 1577. Is t a composite number?
False
Let s(m) = -11*m**3 - 16*m**2 + 7*m - 17. Suppose 0 = -14*q - 152 - 2. Is s(q) a prime number?
True
Let k(a) = -a**2 + 7*a - 7. Suppose 3*x - 4*m - 31 = 0, 8*x - 7*x = -4*m - 11. Let h be k(x). Is (h + (3 - -83))/(1/7) a prime number?
False
Is -3163*1/(-5)*35 prime?
False
Let q = -602500 + 960417. Is q a composite number?
True
Suppose 5*m - 1154065 = -j, 0 = -3*m - 7*j + 10*j + 692457. Suppose 31*l = m - 74512. Is l a prime number?
False
Let n(r) = 2152*r**2 - 45*r - 149. Is n(12) a prime number?
False
Is 9705931/46 - -10 - (9/(-6))/(-1) prime?
True
Let w(v) be the third derivative of -v**6/120 + v**5/30 + 7*v**3/6 - 5*v**2. Let f be w(3). Is 190/(-5)*7/f a prime number?
False
Suppose -2*m + 2*r + 41180 = 0, 0 = 2*m + 5*r - 28170 - 13031. Is m a composite number?
False
Let x(h) = -14867*h + 2048. Is x(-15) composite?
True
Suppose -10*v = v - 55. Suppose 0 = v*o + 25*o - 502770. Is o a prime number?
True
Let a = 1 - 0. Let v be ((-11)/((-220)/15))/(2/8). Suppose -x = -5*k + k + a, -v*k = -15. Is x a composite number?
False
Let f = -82182 + 254087. Is f a prime number?
False
Let h = 5383 - 9039. Is (1 - h/3)*3 a composite number?
False
Suppose 3*f - 664 = -2*p, 0 = -5*p - 4*f + 1985 - 318. Let q = 1594 - p. Is q prime?
True
Suppose -3*f = 7*f - 20. Suppose -f*y = -3*p - 1 + 5, -3*y + 16 = p. Is (-2)/p*(-4280)/12*3 composite?
True
Suppose -8 = -2*i + l - 0, -5*i + 2*l + 19 = 0. Suppose -6 + 2 = -4*v, -m - i = -v. Is 0/9 - m/(6/447) a prime number?
True
Let w = 104062 - 26871. Is w a composite number?
False
Is -1*-4*4469350/40 composite?
True
Let m(h) = 20*h + 234. Let t be m(-11). Let x(u) = 462*u + 74. Is x(t) prime?
False
Let l be (-3*2/(-9))/((-2)/18). Let y be (2/l)/(-2*(-4)/(-3912)). Suppose b = 4, -4*k + 5847 - y = 3*b. Is k composite?
True
Let y = 35720 - 21064. Suppose -y = 5*i - 46971. Is i a prime number?
False
Let v = -38 - -42. Suppose 4*d = -6*g + g + 11053, v*g - 8289 = -3*d. Is d a prime number?
True
Let d be 14/(-56) - 50/(-8). Suppose 144890 = d*i + 4*i. Is i a prime number?
True
Suppose -121*l + 123*l = 5*c - 158, 0 = c - 3*l - 29. Suppose -2*i - 3*y + 60 = 0, -4*i + 2*y + 70 = -2*i. Suppose c*p = i*p - 1693. Is p a composite number?
False
Suppose g + 9149 = q, -8015 = -q - 4*g + 1144. Is q a composite number?
False
Suppose -99*g = -98*g + 22984. Let l = 32183 + g. Is l composite?
False
Let f be ((-1)/(-3))/((-3 - -2)/(-183)). Let y = f + -59. Suppose 2007 - 377 = y*m. Is m prime?
False
Let o = 6861 - 4885. Let l = -1023 + o. Is l prime?
True
Let m be (2384 - -2)/(3*(-8)/(-60)). Let v = m + -2576. Is v prime?
True
Suppose -436 = 4*a + 3*o + o, 2*a + 230 = 2*o. Is (8939/(-2))/(a/224) composite?
True
Suppose 5*v - a + 59 = 0, 5*v + 40 = 2*v - 4*a. Let c(k) = -23*k. Let w be c(v). Let l = w + -110. Is l a composite number?
True
Is 9/63*751429 - 8 prime?
True
Let k(s) = 78039*s - 1108. Is k(3) a prime number?
False
Let j(a) = -a**3 - 6*a**2 + 12*a + 14. Let h(f) = 3*f + 12. Let m(x) = -7*x - 24. Let y(s) = 9*h(s) + 4*m(s). Let v be y(23). Is j(v) a composite number?
False
Suppose 71755 = -36*r + 41*r. Is r a composite number?
True
Is 2/(-18)*2 - ((-455504940)/324)/11 composite?
False
Let w = -21 + 25. Let j be (-2432)/(-2) - w/4. Let o = j - 574. Is o prime?
True
Let t be -3 + 3 - 0 - -5. Suppose f + 5*s - 497 = 0, -t*f - 4*s + 2577 = -2*s. Suppose 2*a = 3*a - f. Is a prime?
False
Let p(r) = r**3 + r**2 - 7*r. Let c be p(-3). Suppose 0 = c*g - 3*z - 3, 0 = -2*g + 3*z + 3. Suppose x - 1004 - 69 = g. Is x a composite number?
True
Suppose -2*l = -w + 140807, -1734*l = -w - 1739*l + 140772. Is w a prime number?
True
Is (-60)/80 - (-2)/(-8) - (-19537 - 11) a prime number?
False
Let d be 72/((-10)/(-5)) - 3. Suppose 3*c - 7*c = -3*l - d, -2 = -2*l. Is (-3)/c - 370/(-3) composite?
True
Is ((-820670)/(-100))/((-5)/(-50)) a prime number?
True
Let o(v) be the first derivative of -v**5/60 + 2*v**4/3 + 3*v**3/2 - 8*v**2 + 1. Let m(j) be the second derivative of o(j). Is m(14) a composite number?
False
Let f be ((-228)/(-209))/((-2)/(-11)). Is 358/f*(-4 - -7) a composite number?
False
Suppose 0 = 2*y - 0*n + 4*n - 24, 0 = -n + 5. Suppose 90 = -y*a - 30. Let t = a - -163. Is t composite?
False
Let v(l) = 5*l**2 + 5 + 4*l**2 + 6*l**2 + l + 10 + l**3. Let p be v(-15). Suppose 10*t - 11*t + 37 = p. Is t a prime number?
True
Let w(v) = -v**3 + 21*v**2 - v + 28. Let r be w(21). Suppose -r = -7*u + 6*u. Suppose 0 = u*f - 4*f - 597. Is f a prime number?
True
Is ((-66587)/9)/(6/54*-1) a composite number?
False
Let r(m) = 0*m + m**2 + 2*m + 31 + m. Suppose -63 = -4*p + y, -2*p - 5*y = -2*y - 21. Is r(p) a composite number?
True
Suppose t = -0*t - 3*t. Suppose 4*r - 11*r - 18746 = t. Is ((-36)/28 - -1) + r/(-14) composite?
False
Let d(m) = -m**2 + 31*m + 5. Suppose 5*j + r - 1 = -0*r, j = 5*r + 21. Let k(f) = -1. Let q(h) = j*d(h) - 2*k(h). Is q(16) prime?
False
Let k(l) = -35*l**3 + 84*l**2 + 21*l + 1. Is k(-11) a composite number?
False
Let w(z) = -345*z - 24. Let h be 3/(-9)*-6*3 + -4. Suppose -h*t = -4*r + 26, -r + 20 = t - 6*t. Is w(t) composite?
True
Let w(g) = 3*g**3 - 9*g**2 + 5*g - 8. Let b be w(6). Let q be 2*3/36 - 99658/(-156). Let m = q - b. Is m prime?
True
Suppose 2*b + f = 732135 + 332703, 2*f - 1597253 = -3*b. Is b prime?
False
Let k(b) = -222*b - 74. Let q be k(17). Let z = q + 7119. Is z a prime number?
True
Let x(k) be the second derivative of 707*k**3/6 - 73*k**2/2 - 26*k. Is x(8) a composite number?
True
Let r = 127952 - -42927. Is r a prime number?
False
Suppose -37*r + 235513 + 795381 = 0. Is r a composite number?
True
Let k(j) = -2*j**3 + 10*j**2 + 17*j + 81. Let f be k(15). Is (f/(-8))/(14/28) a composite number?
True
Let a(s) = 66*s - 19. Let z be a(-3). Let k = 311 + z. Is (1/(-2))/(-2 - (-187)/k) prime?
True
Suppose -y = -63 + 22. Suppose 31*q + 27790 = y*q. Is q prime?
False
Suppose -5*o = -5*j + 3466565, 33*j - 4*o = 37*j - 2773284. Is j a prime number?
True
Suppose -2*f + n = -485, -281 = -2*f - n + 214. Let s = 468 - f. Is s prime?
True
Let o be (5/10)/(5/(-1 - 44359)). Is (4 - -2 - o) + 1 a prime number?
False
Let h(d) = 414*d**2 + 85*d + 9. Is h(10) prime?
False
Suppose 8570 + 3079 = 33*b. Suppose -f = b - 982. Is f prime?
False
Let f(p) = -p. Let x(y) be the second derivative of -23*y**2/2 - 13*y. Let o(k) = 3*f(k) - x(k). Is o(-18) a prime number?
False
Suppose 32*t + 470010 = 1264730. Is t a composite number?
True
Let d = 17415 + -9383. Let u = d + -3423. Is u a prime number?
False
Suppose 2*a - 1781958 = 3*q - 7*q, 4*q = 4*a - 3564000. Is a composite?
False
Suppose 8*b + 36 = 5*b + 2*d, -2*d - 6 = 0. Let u(y) = 9*y**2 + 26*y - 31. Is u(b) prime?
False
Suppose -5*x + 2*x = -12, -54 = -5*a + 4*x. Suppose 2*u = f + 10, -4*u = -5*f - 9*u + 55. Suppose 3914 = f*q + 2*s, 9*s - 3921 = -4*q + a*s. Is q composite?
True
Let u(x) = 44*x**2 - 43*x + 1280. Is 